e number?
True
Is 7960747 a prime number?
False
Is 326989405 composite?
True
Is 50314321 a prime number?
True
Is 1521493 prime?
False
Is 47508479 a composite number?
False
Is 85653047 prime?
True
Is 12182683 a composite number?
False
Is 9475933 a prime number?
True
Is 619049 composite?
True
Is 1347649 a composite number?
True
Is 48012527 prime?
True
Is 20236687 a composite number?
False
Is 138270841 composite?
False
Is 2552279 prime?
True
Is 20435599 composite?
False
Is 1465817 prime?
False
Is 520759 prime?
True
Is 3185713 a composite number?
False
Is 232788761 composite?
True
Is 4904063 prime?
False
Is 1974457 prime?
True
Is 1173165281 a prime number?
True
Is 426069257 a prime number?
False
Is 303341 a composite number?
False
Is 66408637 a composite number?
True
Is 17225867 a composite number?
False
Is 84176731 a composite number?
True
Is 309321847 a composite number?
False
Is 610357 a composite number?
True
Is 30090579 prime?
False
Is 429147515 composite?
True
Is 945949 composite?
False
Is 18180521 prime?
False
Is 10330189 a prime number?
False
Is 18192043 a composite number?
True
Is 1611409 a prime number?
False
Is 21507881 composite?
False
Is 143513803 prime?
True
Is 1415567 a composite number?
False
Is 1161001 composite?
False
Is 26599051 a composite number?
False
Is 38182433 prime?
True
Is 43069539 prime?
False
Is 198181 prime?
False
Is 2829674 prime?
False
Is 111043447 a composite number?
False
Is 46741137 a prime number?
False
Is 305353481 a prime number?
True
Is 51767 a prime number?
True
Is 81997 a prime number?
False
Is 12665945 composite?
True
Is 7460731 prime?
True
Is 4432297 a prime number?
False
Is 6718667 composite?
False
Is 2025407 a prime number?
False
Is 18218189 a prime number?
False
Is 10442657 composite?
False
Is 637266169 composite?
False
Is 106616887 a composite number?
True
Is 68127193 a prime number?
True
Is 982207 a prime number?
False
Is 11041781 prime?
True
Is 2282737 a prime number?
True
Is 25636253 prime?
True
Is 169712719 prime?
False
Is 9171259 a composite number?
False
Is 21893009 a composite number?
False
Is 2476219 prime?
True
Is 7144793 a prime number?
True
Is 54241933 a composite number?
True
Is 7262999 a prime number?
False
Is 27836623 a composite number?
True
Is 7034681 a composite number?
False
Is 732023 a composite number?
False
Is 1284881 composite?
True
Is 11148461 prime?
True
Is 26618797 a composite number?
True
Is 24076697 prime?
True
Is 83464189 prime?
False
Is 512777 a prime number?
False
Is 32108707 a composite number?
True
Is 1111637 prime?
True
Is 6214267 prime?
True
Is 1863103 composite?
True
Is 1508209 composite?
True
Is 51041467 a prime number?
False
Is 310078007 a composite number?
False
Is 557129 a prime number?
False
Is 144559 a prime number?
False
Is 2020171 a prime number?
True
Is 14844449 a composite number?
False
Is 1053068857 a prime number?
False
Is 243804319 composite?
True
Is 33494597 a prime number?
False
Is 3163837 a prime number?
True
Is 17391641 a prime number?
True
Is 488647 a composite number?
True
Is 8639333 prime?
False
Is 2587297 a composite number?
True
Is 14171 a prime number?
False
Is 43963103 a composite number?
True
Is 2137609 a composite number?
True
Is 66821621 composite?
False
Is 3945391 composite?
False
Is 1718551 a composite number?
False
Is 27736343 prime?
True
Is 358106467 prime?
True
Is 13188323 a prime number?
True
Is 9596973 composite?
True
Is 15747737 composite?
False
Is 9425057 prime?
False
Is 232399 a prime number?
False
Is 53983331 a prime number?
True
Is 183338431 a prime number?
True
Is 115571 a prime number?
True
Is 122391987 a prime number?
False
Is 44136727 a composite number?
False
Is 2071249 prime?
False
Is 20133215 prime?
False
Is 30878189 composite?
False
Is 28328117 prime?
True
Is 8652837 prime?
False
Is 14123183 a prime number?
True
Is 8811707 composite?
False
Is 6363769 composite?
False
Is 1102813 a composite number?
False
Is 50069231 composite?
False
Is 118221065 a prime number?
False
Is 29044627 a prime number?
False
Is 250179431 a prime number?
False
Is 5332433 a composite number?
True
Is 124749199 a prime number?
True
Is 76354627 composite?
True
Is 574363 composite?
False
Is 16784839 a composite number?
True
Is 89842679 composite?
True
Is 836346111 a composite number?
True
Is 12664807 a composite number?
False
Is 476196499 prime?
True
Is 9458269 a composite number?
True
Is 246821 composite?
True
Is 11743217 composite?
False
Is 90937309 prime?
True
Is 45535227 prime?
False
Is 32282713 a composite number?
True
Is 11982847 a prime number?
True
Is 1300553 composite?
False
Is 11723021 a prime number?
False
Is 338021 a composite number?
True
Is 99201629 composite?
True
Is 2302753 prime?
True
Is 12191947 a prime number?
True
Is 5955271 composite?
True
Is 18621719 composite?
False
Is 163663429 a prime number?
True
Is 12592409 composite?
True
Is 11971601 a prime number?
False
Is 175074139 composite?
False
Is 40136419 a composite number?
True
Is 2477017 composite?
True
Is 456719 composite?
True
Is 362405149 a composite number?
True
Is 2752213 prime?
False
Is 94029711 prime?
False
Is 559381 a composite number?
True
Is 621507 prime?
False
Is 48454361 a prime number?
False
Is 878765 composite?
True
Is 261947557 prime?
True
Is 32092621 prime?
False
Is 710473 a composite number?
False
Is 20600861 composite?
True
Is 137311 prime?
False
Is 13226833 prime?
False
Is 12703681 composite?
False
Is 13798039 a prime number?
True
Is 66985277 a composite number?
False
Is 13455131 prime?
True
Is 23852977 prime?
False
Is 704059 prime?
True
Is 85551551 composite?
False
Is 32604599 composite?
False
Is 4473229 a prime number?
False
Is 9300191 composite?
False
Is 32036665 composite?
True
Is 247576827 a composite number?
True
Is 11528467 composite?
False
Is 36543011 a composite number?
False
Is 420179 a prime number?
False
Is 100691 composite?
True
Is 37169683 prime?
False
Is 41500007 composite?
True
Is 8666989 composite?
False
Is 33739397 a composite number?
False
Is 17933889 composite?
True
Is 75344197 composite?
False
Is 39635507 composite?
False
Is 2866021 prime?
False
Is 15065313 composite?
True
Is 13050647 composite?
True
Is 8896279 a composite number?
True
Is 11564447 prime?
True
Is 24093561 a composite number?
True
Is 5863727 a composite number?
False
Is 305863183 a composite number?
False
Is 2913989 a prime number?
False
Is 1211401 a composite number?
True
Is 159553501 prime?
True
Is 454307 a prime number?
False
Is 74825269 a prime number?
False
Is 220335443 prime?
True
Is 4586017 prime?
True
Is 103426117 prime?
False
Is 15131609 prime?
True
Is 42566543 composite?
True
Is 401558821 prime?
False
Is 2375602 a prime number?
False
Is 1930861 prime?
False
Is 57694397 prime?
True
Is 1294169 a composite number?
False
Is 3220573 prime?
False
Is 1130611 a composite number?
True
Is 41423773 composite?
False
Is 13886557 prime?
True
Is 12186557 a composite number?
False
Is 4307287 prime?
True
Is 34781113 a composite number?
False
Is 1599231 a composite number?
True
Is 119053843 a composite number?
False
Is 241250326 a prime number?
False
Is 209543 composite?
False
Is 555780311 prime?
False
Is 9555679 prime?
False
Is 3595505 a prime number?
False
Is 20546077 a prime number?
True
Is 21884613 a prime number?
False
Is 396703 a prime number?
True
Is 23768267 a prime number?
False
Is 49753919 prime?
False
Is 84369137 composite?
False
Is 10769489 prime?
False
Is 33115811 a prime number?
False
Is 13284107 prime?
False
Is 12329711 a composite number?
False
Is 214631003 a composite number?
False
Is 398509817 prime?
True
Is 3086687 prime?
False
Is 335456591 composite?
False
Is 409813 a composite number?
False
Is 18254153 a prime number?
True
Is 494069 composite?
False
Is 50168201 a prime number?
True
Is 21528071 prime?
True
Is 9235739 prime?
True
Is 12679019 a composite number?
False
Is 1060861 prime?
True
Is 1244527 prime?
False
Is 646166 a composite number?
True
Is 22173299 a prime number?
False
Is 2846541 a prime number?
False
Is 3796795 composite?
True
Is 46531087 a prime number?
False
Is 2278517 a composite number?
False
Is 1007819 composite?
False
Is 3258347 composite?
True
Is 7921061 composite?
False
Is 10724806 a prime number?
False
Is 8726405 a prime number?
False
Is 1